st the prime factors of g.
47
Suppose 19 - 24 = 5*h. Let r(s) be the third derivative of -49*s**4/24 + s**3/3 + 6*s**2. What are the prime factors of r(h)?
3, 17
Let z = 768 + -279. List the prime factors of z.
3, 163
Let j(s) = s**2 - 6*s + 1. Let g be j(7). Suppose g*f - 287 = 73. Suppose -2*w + 3*d = -129, 2*d - f = -w - 3*d. List the prime factors of w.
2, 3, 5
Let t = 33 + -24. Suppose -t - 35 = -2*k. Suppose 8*a = 6*a + k. List the prime factors of a.
11
Suppose -5*m + 100 = -0*m. Suppose -33 = 8*q - 5*q. Let y = q + m. What are the prime factors of y?
3
What are the prime factors of -459*(-1)/4 + 1/4?
5, 23
Suppose -3*t = 3*q + 2*t + 52, -5*q - 92 = 3*t. Let w = q + 43. What are the prime factors of w?
2, 3
Let t = 19 - -5. Let y be (11/(-1) - 0)/(3/(-6)). Let i = t - y. List the prime factors of i.
2
Suppose 69 = -2*a + 5*a. Suppose 10 = g - a. What are the prime factors of g?
3, 11
Suppose 5*b - 370 = -5*t, -3*b + b + 4*t = -154. Suppose b - 63 = j. List the prime factors of j.
2, 3
Suppose -5*b + s - 2*s = -33, 4*b + 2*s = 30. Let g(h) be the first derivative of 2*h**2 + 6*h + 4. List the prime factors of g(b).
2, 3, 5
Let z = -3 - -7. Suppose -5*k = -4*v + 174, -z*k + k - 3*v = 126. List the prime factors of k/(-6) - (-3)/(-9).
2, 3
Let h(b) = -b**3 - 9*b**2 - 3*b + 19. Let d be h(-6). Let a = 75 - d. What are the prime factors of a?
2, 73
Suppose 2*t = -2*i + 2149 + 971, 0 = -4*t - 2*i + 6244. List the prime factors of t.
2, 11, 71
Suppose 0 = -0*m + 6*m + 72. Let l be ((-8)/m)/(1/3). Suppose 3*g = -l*c - c + 108, -c + 70 = 2*g. List the prime factors of g.
2, 17
Suppose 5*d + 2*m = 15, 5*d - 31 = -5*m - 1. What are the prime factors of 17 - 19 - (-32)/d?
2, 3, 5
Suppose 101*j - 2391 = 98*j. What are the prime factors of j?
797
Let v = -1731 + 3002. List the prime factors of v.
31, 41
Let m = -16 - -18. Let o(y) = y + 5*y - 4*y - 3 + 7*y**m - 1 + y**3. List the prime factors of o(-4).
2, 3
What are the prime factors of (26/10 + -3)*(15 - 1565)?
2, 5, 31
Let l(z) be the first derivative of z**4/4 - 3*z**3 + 7*z**2/2 - 3*z - 17. What are the prime factors of l(9)?
2, 3, 5
Let l(w) = -97*w**3 + 6*w**2 + 4*w - 5. Let b(s) = s**3 + s**2 + s - 1. Let r(n) = 6*b(n) - l(n). List the prime factors of r(1).
2, 13
Suppose -3*c = -2 + 14. What are the prime factors of (-4044)/(-27) + c/(-18)?
2, 3, 5
Let r = -120 + 597. What are the prime factors of r?
3, 53
Let s(v) = 6499*v**2 + 2*v + 1. Let y be s(-1). What are the prime factors of 24/15 + -2 - y/(-45)?
2, 3
List the prime factors of (-438)/15*520/(-16).
13, 73
Let k = 2 - -8. Let u(t) = -t**3 - 10*t**2 + 6*t - 8. Let b(m) = -m**3 + m + 1. Let f(x) = -2*b(x) + u(x). List the prime factors of f(k).
2, 3, 5
List the prime factors of (8304/(-9) - -2)/(57/(-171)).
2, 1381
Suppose -5*q - 50 = w - 6*w, 3*q + 2*w + 55 = 0. Let a be (1 - 21/q)*5. Let r = a - -21. What are the prime factors of r?
3, 11
Let y(l) = l**3 - l**2. Let f be y(2). Suppose -4*o + 4*p = -40, -2*o = 3*o - f*p - 52. List the prime factors of o.
2, 3
Let q(s) = -152*s + 88. What are the prime factors of q(-10)?
2, 3, 67
Suppose h = -4*c - 28, -2*h = -2*c - h - 8. What are the prime factors of 58*(-4)/(c/3)?
2, 29
Let o(m) = -25*m**3 + 3*m**2 + m + 18. Let t(p) = 13*p**3 - 2*p**2 - 9. Let s(n) = 3*o(n) + 5*t(n). What are the prime factors of s(-3)?
3, 29
Suppose -56*d = -62*d + 1728. List the prime factors of d.
2, 3
Suppose 3*g + 2 = 4*m, 0 = g - 6*g + 4*m + 10. Suppose 31 = g*o - 5*o. List the prime factors of o.
31
Let o(u) be the first derivative of 5*u**2/2 + 41*u + 1. List the prime factors of o(18).
131
Let n be (13 - (-1 - -4)) + 5. What are the prime factors of 6/n + 1866/10?
11, 17
Let c(f) = -f**3 + 3*f**2 + f + 2. Let n be c(3). Suppose p + n = 211. List the prime factors of p.
2, 103
List the prime factors of 6/(-57) - (-50328)/152.
331
List the prime factors of 2 + 77/(-44) + (-9561)/(-12).
797
Let p(n) = 135*n + 637. What are the prime factors of p(18)?
3067
Let p = -12 - -11. Let y be (0 - p - 0)*-1. What are the prime factors of y*(-3)/(-3) - -33?
2
Let b(g) = g + 136. Let q be b(0). Suppose d - 6*v = -2*v + 61, v = 2*d - q. List the prime factors of d.
3, 23
Let d(g) = 0*g**2 + 5 + 2*g**2 + 2*g**2 - 11*g - 1. Let v be d(4). What are the prime factors of (v/14)/(8/252)?
2, 3
Let m = 523 + -151. What are the prime factors of m?
2, 3, 31
Let v be (-4)/(-3)*18/4. Suppose 0 = v*p - 2*p - 36. What are the prime factors of (6/p)/((-6)/(-63))?
7
Let p = -35 + 40. Suppose 460 - 85 = p*d. What are the prime factors of d?
3, 5
Suppose -2*l - 4*a + 50 = 0, 4*a - 112 = -4*l - a. Let f = 38 - l. List the prime factors of 332/f - (-3)/5.
67
Suppose -z - 2 = 5. Let q(m) = m**3 + 7*m**2 - 15*m + 6. What are the prime factors of q(z)?
3, 37
Let b be (48/(-15))/(4/(-10)). Let c = b - 14. What are the prime factors of 8/(-3)*1*c?
2
Let b(g) = -2*g**2 + 11*g + 1. Let v be b(8). Let h = -34 + -26. Let p = v - h. What are the prime factors of p?
3, 7
Let d(h) be the second derivative of -7*h**3/2 - 9*h**2/2 + 21*h. What are the prime factors of d(-3)?
2, 3
What are the prime factors of (-7 - -8 - (-4 + 3))*1351?
2, 7, 193
Suppose -7*q + 2039 - 492 = 0. Let t = q - 1306. What are the prime factors of (-2)/(t/(-365) - 3)?
73
Let x(h) = 6*h - 21. Let i be x(4). Let f(o) = 11*o + 13. List the prime factors of f(i).
2, 23
Suppose 5*b = 8 - 48. Let q = b - -13. Let x(k) = -k**2 + 6*k - 1. List the prime factors of x(q).
2
Suppose -4*r - r = -4*p - 479, 0 = -4*r + p + 381. Let k = r + -55. What are the prime factors of k?
2, 5
Suppose 2*x - 2*z + 199 = -3*z, 5*z + 490 = -5*x. Let q = x + 238. List the prime factors of q.
137
Let k(f) = f - 7. Let b be (3 - 1)*(3 + -1). Let s be k(b). List the prime factors of 1 - s - 6/(-3).
2, 3
List the prime factors of 3445 - -1*(-104)/13.
7, 491
Let a be 52/(-6)*(4 - 7). Suppose 4*v - 154 - a = 0. List the prime factors of v.
3, 5
Suppose -h + 134 = -0*h. Suppose -834 = -5*u - h. What are the prime factors of u?
2, 5, 7
Suppose 0 = j + 2*i, -4 = 5*i + 6. Suppose 5*m - f = 3*f + 150, j*f - 6 = -m. What are the prime factors of m?
2, 13
Let q(i) = 5*i**3 - 4*i**2 - 4. Let x be q(3). Suppose 3*b = -2*b - x. Let y = b - -47. List the prime factors of y.
2, 7
Suppose 5*w - 12 - 250 = -2*u, -3*u = -2*w - 431. List the prime factors of u.
3, 47
Suppose -1216 - 998 = -9*h. What are the prime factors of h?
2, 3, 41
Let q(z) = 3*z + 2*z + z**2 - z + z - 2. Let p be q(-6). Suppose -12 = -4*c + p*l - 0*l, 0 = 3*c + 5*l - 33. What are the prime factors of c?
2, 3
Suppose -19*u + 168 = 2*u. Suppose 0 = -3*f - 2*r + 1, 31 = 7*f - 2*f - 4*r. List the prime factors of (-2)/f*(-324)/u.
3
Let f be (120/(-21) - 0)*7/(-2). Suppose 0 = 76*c - 80*c + f. What are the prime factors of c?
5
Suppose -5*b + 10*b = -20. Let m(o) = -2*o - 3. Let j be m(b). Suppose j*d + c = 169, d - c = 18 + 11. List the prime factors of d.
3, 11
Let l = 104 + -148. Let i = l - -74. What are the prime factors of i?
2, 3, 5
Let t be ((-9)/4)/((-3)/72). Let g = 97 - t. Suppose 0 = -i - 4 + g. What are the prime factors of i?
3, 13
Let f(w) = w**3 - 7*w**2 + 8*w + 1. List the prime factors of f(6).
13
Suppose -1040 = -3*l - 200. Suppose 4*m = -4*d + l, 2*d = -2*d - 5*m + 280. What are the prime factors of d?
2, 5, 7
Suppose 230 = o + g - 245, -2*g = 5*o - 2378. What are the prime factors of o?
2, 7, 17
Let u(t) = -50 - 9*t + 10 + 2*t. What are the prime factors of u(-22)?
2, 3, 19
Let j(y) = -4*y + 19. Let r be j(0). Let k(a) = a**3 - 20*a**2 + 20*a - 16. Let n be k(r). Suppose -n*h + 4 = -2*h. List the prime factors of h.
2
Suppose 8*a - 3 = 9*a. What are the prime factors of a - -2 - (-1 - 22)?
2, 11
Let z = -2210 - -5191. List the prime factors of z.
11, 271
Suppose -f - 5 = -0. Let k = f - -7. Suppose 39 + 1 = k*h. What are the prime factors of h?
2, 5
Suppose -150*u = -136*u - 17668. What are the prime factors of u?
2, 631
Suppose s - 3*v - 673 = 0, 767 = 2*s - 2*v - 567. What are the prime factors of s?
2, 83
Let n = 31 - 79. List the prime factors of (1 - 6/4)*n.
2, 3
Let c = -1074 - -2982. What are the prime factors of c?
2, 3, 53
Suppose j - 11 = -s, -2*j + 0*s - s = -19. Let o(k) = k**3 - 9*k**2 - 8*k - 4. Let g be o(j). What are the pri